326. What is a(-2)?
4
Let c(p) = -190464*p - 2285573. Determine c(-12).
-5
Let m(a) = -1318*a + 523261. Determine m(397).
15
Let w(o) = 4*o**2 - 264*o + 15. Give w(69).
843
Let j(w) = -w**2 + 230*w + 89194. What is j(435)?
19
Let c(g) = 3*g**3 + 9*g**2 - 124*g - 372. Determine c(-3).
0
Let f(k) = -k**2 - 132*k - 2784. What is f(-75)?
1491
Let d(b) = 2291*b + 185529. Determine d(-81).
-42
Let r(n) = 3*n**2 + 51314*n - 359350. Give r(7).
-5
Let i(k) = 24*k**2 - 2890*k + 4781. What is i(119)?
735
Let d(l) = 3751*l + 2456904. What is d(-655)?
-1
Let i(h) = -4*h**3 - 211*h**2 - 1357*h + 1708. What is i(-45)?
-2
Let r(a) = 2*a**3 - 230*a**2 - 681*a - 3185. Give r(118).
1
Let d(t) = -21*t**2 - 3265*t - 6368. What is d(-2)?
78
Let p(h) = -h**2 + 69200*h - 3111973. What is p(45)?
2
Let k(p) = 8*p**2 - 937*p - 11149. Calculate k(-11).
126
Let z(n) = 78327*n + 1018252. Calculate z(-13).
1
Let y(g) = 10*g**3 + 446*g**2 + 4421*g - 294. Give y(-15).
-9
Let d(h) = 2217*h + 12689. What is d(-6)?
-613
Let h(k) = -30*k**2 - 203*k + 41. Give h(-6).
179
Let r(p) = -69*p**2 + 1723*p - 5157. Give r(3).
-609
Let x(q) = q**3 + 240*q**2 + 2079*q + 40. Give x(-9).
40
Let t(u) = 94*u**2 + 140*u + 18. Calculate t(-3).
444
Let q(n) = 8*n**3 - 831*n + 3310. What is q(4)?
498
Let z(j) = -1838*j - 120. Determine z(0).
-120
Let d(j) = 4*j**3 - 3*j**2 - 1540*j - 27. Give d(20).
-27
Let d(u) = 10248*u + 307438. Give d(-30).
-2
Let y(n) = 3*n**3 - 1313*n**2 - 5323*n - 210. Calculate y(-4).
-118
Let f(z) = -z**2 + 1056*z - 44492. Give f(44).
36
Let w(x) = 105*x**3 - 41055*x**2 - 17*x + 6653. Calculate w(391).
6
Let o(h) = -2*h**2 - 1104*h + 5555. What is o(5)?
-15
Let l(i) = -7*i**2 + 436*i - 3087. What is l(54)?
45
Let l(v) = 25313*v - 607499. Calculate l(24).
13
Let j(w) = 318559*w + 10831014. Give j(-34).
8
Let t(f) = -2821*f - 44872. Determine t(-16).
264
Let c(m) = m**3 - 458*m**2 + 2550*m - 539167. Calculate c(455).
8
Let g(p) = 19*p**3 + 168*p**2 - 203*p + 100. Calculate g(-10).
-70
Let r(m) = 8*m**2 - 4055*m + 3525. What is r(506)?
-17
Let m(i) = -3*i**2 + 26042*i - 3360016. Determine m(131).
3
Let t(r) = -68*r**2 + 129*r + 648. Calculate t(-5).
-1697
Let m(v) = 4701*v + 23505. Calculate m(-5).
0
Let b(s) = 833*s + 179985. Calculate b(-216).
57
Let z(s) = 16443*s + 263255. Give z(-16).
167
Let w(j) = -j**3 - 11*j**2 - 9*j + 79. Give w(-8).
-41
Let c(k) = k**3 - 4*k**2 - 105*k - 474. Calculate c(14).
16
Let m(r) = 21*r**2 + 290*r - 1653. Calculate m(7).
1406
Let q(b) = 2*b**2 - 3143*b + 493656. Determine q(177).
3
Let g(x) = -671*x**2 - 142924*x - 202. Calculate g(-213).
11
Let v(j) = -j**3 - 26*j**2 + 346*j + 252. Calculate v(-36).
756
Let d(p) = -107*p**2 - 910*p + 1824. What is d(2)?
-424
Let k(m) = -134*m + 21826. Give k(167).
-552
Let t(i) = -3035*i - 23691. Determine t(-8).
589
Let t(l) = 2*l**3 + 68*l**2 - 50*l - 3689. Give t(-33).
139
Let k(b) = -42*b**2 + 877*b + 101. Calculate k(21).
-4
Let z(i) = 2*i**2 + 6501*i - 61. Give z(0).
-61
Let l(b) = -2188*b + 277869. What is l(127)?
-7
Let r(g) = 1909*g + 3649. Calculate r(-2).
-169
Let u(b) = -42*b**2 + 374*b + 26. Determine u(11).
-942
Let n(i) = -i**2 - 4381*i + 1128505. Calculate n(244).
5
Let k(s) = 912*s**2 + 62*s + 124. Give k(-2).
3648
Let o(k) = 118715*k - 593586. Determine o(5).
-11
Let w(j) = j**2 - 311*j - 75164. Calculate w(472).
828
Let l(d) = -37*d**3 - 4*d**2 - 2*d - 3. Give l(-2).
281
Let o(a) = -1885*a - 65977. Calculate o(-35).
-2
Let f(y) = 156440*y + 2815913. Give f(-18).
-7
Let c(n) = 227*n**3 - n**2 + 12*n + 14. Calculate c(-1).
-226
Let u(k) = k**3 - 787*k**2 - 12054*k - 387. What is u(-15)?
-27
Let u(v) = -40*v**2 + v + 449. What is u(0)?
449
Let g(x) = -x**3 - 8*x**2 + 52*x + 506. Calculate g(-6).
122
Let d(c) = -c**3 - 72*c**2 - 587*c + 324. What is d(-10)?
-6
Let v(l) = -22093*l - 66263. Calculate v(-3).
16
Let q(b) = -583*b - 16757. What is q(-28)?
-433
Let i(c) = -42*c**2 - 710*c + 3110. What is i(4)?
-402
Let n(r) = r**2 + 98662*r + 986570. What is n(-10)?
50
Let q(m) = 60418*m - 602945. Calculate q(10).
1235
Let n(g) = 11592*g - 394074. What is n(34)?
54
Let i(x) = x**3 + 991*x**2 - 4596*x + 382457. What is i(-996)?
-7
Let z(p) = 267*p - 4518. What is z(17)?
21
Let t(v) = v**2 + 596*v + 88650. Determine t(-285).
15
Let j(n) = -533*n - 5785. Determine j(-12).
611
Let s(x) = -1073*x - 92281. Determine s(-86).
-3
Let a(j) = -j**2 + 160*j - 5037. What is a(117)?
-6
Let x(g) = -2*g**2 - 2387*g + 207200. Calculate x(81).
731
Let a(q) = -3488*q + 48841. Determine a(14).
9
Let b(r) = 3*r**3 + 34*r**2 - 851*r - 8941. What is b(-10)?
-31
Let m(v) = -2*v**3 - 93*v**2 + 402*v - 1236. Give m(-51).
1671
Let c(l) = -l**3 - 5*l**2 + 192*l + 1427. Calculate c(-8).
83
Let t(n) = -234*n + 3839. Determine t(20).
-841
Let r(o) = o**3 - 18*o**2 - 3548*o + 53889. Determine r(15).
-6
Let t(y) = -470*y - 21198. Give t(-44).
-518
Let a(q) = 15*q**3 - q**2 + 79*q + 158. Calculate a(-2).
-124
Let r(i) = 333*i - 47503. Give r(143).
116
Let n(k) = 2*k**3 + 116*k**2 + 4*k + 653. Determine n(-58).
421
Let c(x) = 2*x**2 - 66505*x - 798352. Determine c(-12).
-4
Let y(k) = -3*k - 1. Calculate y(-83).
248
Let d(s) = 32*s**3 - 3*s**2 - 12*s + 100. Calculate d(4).
2052
Let h(c) = c**2 - 8290*c + 49694. Give h(6).
-10
Let c(g) = 6*g**3 + 114*g**2 - g - 250. Give c(-19).
-231
Let s(v) = v**3 + 23*v**2 + 102*v + 93. Determine s(-8).
237
Let j(h) = 10*h**2 - 3185*h + 144944. What is j(55)?
19
Let l(i) = 64855*i + 1556508. Determine l(-24).
-12
Let k(s) = -3*s**3 - 235*s**2 + 1954*s + 21588. What is k(-85)?
-2
Let p(y) = -8*y**2 + 6216*y + 240948. Calculate p(-37).
4
Let b(m) = 1066*m - 80862. Calculate b(76).
154
Let q(y) = 26*y - 1462. Give q(68).
306
Let k(z) = 16462*z + 98943. Calculate k(-6).
171
Let l(k) = -3*k**2 - 29105*k + 203880. Calculate l(7).
-2
Let x(d) = d**3 - 444*d**2 + 6661*d - 3291. Give x(15).
99
Let o(z) = 2*z**3 + 46*z**2 + 103*z + 33. Give o(-2).
-5
Let t(y) = -3816*y + 41958. Give t(11).
-18
Let o(w) = 347642*w + 14600968. Determine o(-42).
4
Let t(l) = -l**2 - 1015*l - 38036. Give t(-39).
28
Let k(l) = 2447*l - 1049753. Calculate k(429).
10
Let g(a) = a**2 + 23489*a + 844335. Calculate g(-36).
27
Let b(d) = 5*d**2 + 3616*d + 25780. Give b(-716).
4
Let m(a) = 7499*a + 59816. What is m(-8)?
-176
Let d(k) = -k**3 - 24*k**2 - 53*k + 35. What is d(-15)?
-1195
Let i(a) = 10*a**2 - 17567*a - 176679. Give i(-10).
-9
Let c(d) = -122*d + 30681. What is c(252)?
-63
Let g(a) = -3*a**2 - 94949*a - 569707. Determine g(-6).
-121
Let d(m) = -7*m**2 + 1068*m + 6064. Determine d(158).
60
Let h(s) = -231045*s + 924177. Calculate h(4).
-3
Let y(g) = 4*g**3 + 161*g**2 + 38*g - 5847. Calculate y(-39).
276
Let y(z) = -z**2 - 42989*z + 7380353. What is y(171)?
-7
Let b(d) = -100*d**3 - 11*d**2 + 91*d - 148. What is b(2)?
-810
Let u(y) = y**3 - 70*y**2 + 183*y + 5335. What is u(66)?
-11
Let n(s) = 1914*s - 120523. Calculate n(63).
59
Let z(y) = y**3 + 10*y**2 + 1021*y + 10222. What is z(-10)?
12
Let p(t) = -t**2 + 6958*t + 111583. Give p(-16).
-1
Let a(u) = 11*u**3 + 42*u**2 + 25*u - 24. Give a(-7).
-1914
Let k(g) = 386*g**2 - 1918*g - 33. Calculate k(5).
27
Let x(c) = -8510*c - 1463700. Determine x(-172).
20
Let w(b) = -21*b**2 + 2037*b - 9391. Give w(92).
269
Let k(l) = -l**3 - 37*l**2 + 1672*l + 62091. Calculate k(-38).
-1
Let x(i) = i**2 - 559*i + 76950. Calculate x(254).
-520
Let i(l) = -87*l**2 - 12059*l + 29327. Calculate i(-141).
-1
Let h(f) = 695*f - 275135. What is h(397)?
780
Let c(i) = i**2 + 287*i + 5206. Give c(-19).
114
Let z(t) = -36*t**3 - t**2 - 2*t - 389. What is z(0)?
-389
Let d(p) = p**3 + 13*p**2 + 1535*p - 26782. Give d(14).
0
Let g(r) = 40562*r - 46. Determine g(0).
-46
Let n(f) = -2*f**3 - 6*f**2 + 11*f + 16. What is n(0)?
16
Let y(r) = r**3 + 75*r**2 - 1918*r - 1265. Give y(-95).
445
Let o(v) = 20663*v**2 - 185968*v + 9. Determine o(9).
0
Let l(r) = 21*r**3 - 5506*r**2 + 1042*r + 1573. Determine l(262).
1
Let o(w) = 314148*w + 314139. Give o(-1).
-9
Let u(a) = 16684*a - 116758. Calculate u(7).
30
Let a(y) = -583*y + 47856. Determine a(86).
-2282
Let p(w) = 553*w**2 + 170*w + 536. Calculate p(-3).
5003
Let j(h) = 3*h**2 + 37*h - 2373. Calculate j(-35).
7
Let l(h) = -h**3 + 2*h**2 - 544*h + 12831. Wh